g(t) = -7*t - 658. Give g(-23).
-497
Let g(w) = 78*w + 627. What is g(-8)?
3
Let d(j) = -3*j - 48. Give d(-56).
120
Let k(w) = w**3 - 16*w**2 + 1468*w - 27054. Give k(18).
18
Let n(a) = 1498*a**2 + 8995*a - 7. Give n(-6).
-49
Let w(q) = q**3 + 40*q**2 - 35*q + 14. Determine w(-41).
-232
Let q(n) = -3*n**3 + 8*n**2 - 15*n + 54. What is q(5)?
-196
Let i(y) = -y**2 + y - 62. Determine i(10).
-152
Let h(f) = -2*f**2 + 41*f + 132. Give h(-4).
-64
Let l(p) = -27*p**2 + 7958*p + 2055. Determine l(295).
-10
Let u(j) = -j**3 + 141*j**2 + 275*j + 1412. Give u(143).
-161
Let m(c) = -17*c**2 + 12*c - 2. Calculate m(4).
-226
Let m(a) = 190*a + 7397. What is m(-39)?
-13
Let r(v) = v**3 - 138*v**2 - 165*v + 3633. What is r(139)?
19
Let u(f) = 14*f - 63. Give u(2).
-35
Let i(k) = -k**2 - 63*k + 2321. Give i(26).
7
Let b(i) = -24*i + 1358. Calculate b(56).
14
Let g(z) = -3*z**2 + 33*z - 11. Determine g(9).
43
Let g(j) = 5*j**3 + 259*j**2 - 44*j + 416. Give g(-52).
0
Let s(l) = -l**2 - 117*l + 118. Determine s(1).
0
Let s(j) = -j**3 + 15*j**2 + 29*j - 135. Calculate s(16).
73
Let m(g) = -4*g**3 + 58*g**2 - 23*g - 78. Calculate m(14).
-8
Let w(f) = f**3 - 6*f**2 + 11*f - 87. Determine w(6).
-21
Let z(s) = -s**2 - 15*s - 222. Determine z(-17).
-256
Let c(r) = -28*r**2 - 61*r + 93. Give c(-3).
24
Let v(k) = 3*k**3 + 55*k**2 - 42*k + 43. Determine v(-19).
119
Let v(t) = -t**3 - 7*t**2 + t + 6. What is v(0)?
6
Let f(w) = 14*w**3 - w**2 - 3*w + 40. Determine f(0).
40
Let y(z) = 35*z - 547. Determine y(16).
13
Let v(z) = 6*z**2 + 7*z - 50. Determine v(5).
135
Let p(j) = -21*j**2 + 1969*j + 452. Calculate p(94).
-18
Let w(a) = 11*a**2 + 169*a + 549. Determine w(-4).
49
Let h(m) = 24*m**2 - 1155*m - 40. Give h(48).
-184
Let f(o) = -9*o + 47. Calculate f(6).
-7
Let u(f) = -397*f + 1211. Determine u(3).
20
Let s(n) = 7*n**2 - 477*n + 45. Give s(68).
-23
Let h(a) = -a**2 - 181*a - 1043. What is h(-6)?
7
Let o(h) = 2*h**3 - 296*h**2 + 301*h - 734. What is o(147)?
295
Let y(d) = -d**2 + 79*d + 224. Determine y(82).
-22
Let j(k) = -4*k**2 + 7*k + 61. Determine j(-5).
-74
Let v(g) = -g**3 - 4*g**2 + 209*g + 1007. What is v(-5)?
-13
Let n(r) = -r**3 - 34*r**2 - 3*r - 108. Give n(-34).
-6
Let b(v) = -20*v - 199. What is b(-9)?
-19
Let o(j) = -2*j**3 + 111*j**2 - 50*j - 302. Give o(55).
-27
Let r(q) = -4812*q - 57735. Determine r(-12).
9
Let j(k) = -k**3 + 9*k**2 - 713*k + 7029. Calculate j(10).
-201
Let t(r) = 2*r**3 + 130*r**2 + 376*r + 246. Calculate t(-62).
-2
Let a(c) = c**3 + 28*c**2 - 5*c + 25. Give a(-28).
165
Let v(o) = -24*o + 808. What is v(33)?
16
Let o(t) = t**2 + 290*t - 12828. Give o(39).
3
Let u(z) = 7549*z - 75497. What is u(10)?
-7
Let v(r) = 2*r**3 + 59*r**2 - 87*r + 79. What is v(-31)?
-107
Let a(j) = -475*j - 145352. Calculate a(-306).
-2
Let u(a) = 6*a**2 - 350*a + 126. What is u(58)?
10
Let y(x) = -46*x + 138. Give y(1).
92
Let q(g) = g**2 - 53*g + 183. Calculate q(34).
-463
Let a(f) = 41*f - 933. Determine a(26).
133
Let v(o) = 2*o**2 + 640*o + 1910. What is v(-3)?
8
Let c(f) = -f**3 - 64*f**2 - 905*f - 81. Determine c(-43).
5
Let z(n) = 237*n + 49530. Give z(-209).
-3
Let o(v) = -36*v + 958. Give o(27).
-14
Let m(g) = 80*g + 87. Give m(0).
87
Let r(b) = 2*b**3 - 139*b**2 - 210*b - 213. Give r(71).
0
Let j(i) = -3*i**2 + 96*i - 698. Calculate j(21).
-5
Let f(q) = -q**3 + 56*q**2 + 117*q - 91. Determine f(58).
-33
Let u(i) = i**3 + 58*i**2 + 363*i + 40. Calculate u(-7).
-2
Let o(j) = -j**3 - 19*j**2 + 37*j - 17. Calculate o(-21).
88
Let b(q) = q**3 - 345*q + 12. What is b(0)?
12
Let x(o) = -o**2 - 55*o - 673. Determine x(-37).
-7
Let p(f) = f**2 - 25*f + 168. Determine p(10).
18
Let m(a) = -a**2 - a + 183. What is m(16)?
-89
Let h(m) = -m**2 + 22*m - 63. Calculate h(3).
-6
Let u(p) = -5*p**2 - 244*p - 898. Determine u(-4).
-2
Let x(l) = l**2 - 36*l - 431. What is x(46)?
29
Let j(y) = 5*y**2 - 36*y + 114. What is j(6)?
78
Let q(i) = 3*i**3 - 3*i**2 + 8*i - 5. Determine q(1).
3
Let y(t) = -t**3 - 19*t**2 - 83*t - 29. Give y(-6).
1
Let b(k) = -2*k**3 + 29*k**2 + 48*k. Calculate b(16).
0
Let w(i) = -6*i**3 + 47*i**2 + 88. What is w(8)?
24
Let f(z) = -158*z + 50560. What is f(320)?
0
Let r(c) = c**3 - 16*c**2 + 43*c + 4. Calculate r(13).
56
Let i(v) = -7*v**2 - 208*v + 21. What is i(-30)?
-39
Let q(r) = -2*r**3 + 39*r**2 - 5*r - 221. What is q(19)?
45
Let z(f) = -f**2 - 4*f - 22. Determine z(-13).
-139
Let z(d) = -4*d**2 - 46*d + 9. What is z(-11)?
31
Let v(m) = 9*m + 49. Give v(-3).
22
Let z(g) = 3*g**2 + 26*g - 92. Determine z(3).
13
Let n(v) = -v**3 - 39*v**2 + 171*v - 29. Calculate n(-43).
14
Let d(q) = -q**2 + 272*q + 1378. What is d(-5)?
-7
Let j(s) = -s**3 + 32*s**2 + 38*s - 20. Calculate j(33).
145
Let t(g) = -g**3 + 33*g**2 - 214*g - 79. What is t(24)?
-31
Let l(k) = -55*k**3 - 47*k**2 + 8*k + 11. Calculate l(-1).
11
Let w(a) = -a**2 + 84*a + 824. Give w(-10).
-116
Let t(i) = -192*i - 2208. Give t(-12).
96
Let c(g) = g**3 + 5*g**2 - 28*g + 44. What is c(-9)?
-28
Let o(v) = 2*v**3 - 89*v**2 + 608*v + 147. What is o(36)?
3
Let w(r) = -2*r**3 - 54*r**2 + 56*r - 5. What is w(-28)?
-5
Let l(r) = -2*r**3 + 3*r**2 + 15*r - 36. Determine l(6).
-270
Let b(o) = -4*o**3 + 61*o**2 + 83*o - 1463. Give b(15).
7
Let j(s) = 5*s**2 + 24*s - 26. Determine j(-6).
10
Let j(u) = u**3 - 7*u**2 + 23*u - 201. Give j(8).
47
Let w(p) = -9*p**2 + 66*p + 4. What is w(7)?
25
Let w(j) = -j**2 - 102*j - 2571. Give w(-56).
5
Let j(k) = -457*k**3 + 3*k**2 - 2*k + 1. Calculate j(1).
-455
Let k(o) = -o**3 + 60*o**2 + 7. Give k(60).
7
Let a(s) = s**2 - 2*s - 284. What is a(0)?
-284
Let v(b) = 83*b + 1661. Give v(-20).
1
Let o(p) = -27*p - 47. Give o(8).
-263
Let o(k) = -32*k - 714. Give o(-27).
150
Let b(q) = q**3 + 16*q**2 - 20*q - 670. Calculate b(-14).
2
Let r(m) = -35*m + 137. What is r(4)?
-3
Let v(p) = -5*p - 86. What is v(-16)?
-6
Let q(i) = 62*i**2 - 11*i + 10. What is q(1)?
61
Let k(l) = 5*l**2 + 78*l + 144. Determine k(-12).
-72
Let i(p) = -2*p**2 + 40*p + 2850. Calculate i(49).
8
Let p(x) = -25*x**2 - 3*x + 33. What is p(4)?
-379
Let b(q) = -12*q**3 + 2*q**2 + 5*q + 7. What is b(-2)?
101
Let r(x) = 137*x**2 + 138*x - 407. Determine r(3).
1240
Let y(r) = -r**3 - 56*r**2 + 120*r + 116. Give y(-58).
-116
Let z(r) = 2*r**3 + 10*r**2 - 15*r - 37. Determine z(-4).
55
Let n(y) = 8*y**3 + 797*y**2 + 2031*y - 585. Determine n(-97).
-3
Let p(z) = z**3 + 7*z**2 + 14*z + 12. Calculate p(-3).
6
Let n(t) = -56*t**2 - 13162*t - 455. Determine n(-235).
15
Let l(f) = -336*f + 2044. What is l(6)?
28
Let v(s) = -1647*s**2 + 11526*s + 3. What is v(7)?
-18
Let t(h) = -3*h**2 - 93*h - 604. Give t(-22).
-10
Let q(g) = -8*g**2 - 24*g - 133. What is q(-4)?
-165
Let f(h) = 2*h**2 + 17*h - 12. Give f(-8).
-20
Let k(m) = 5*m**2 + 83*m + 46. Calculate k(-16).
-2
Let y(s) = s**3 + 15*s**2 + 42*s + 14. Calculate y(-12).
-58
Let s(n) = 19*n**2 + 51*n + 120. What is s(-4)?
220
Let n(i) = i**3 - 28*i**2 - 61*i + 133. Determine n(30).
103
Let d(m) = -m**3 - 41*m**2 + 3*m + 80. What is d(-41)?
-43
Let d(q) = -6*q**3 + 31*q**2 + 319*q - 1619. Calculate d(5).
1
Let w(a) = -a**3 + 5*a**2 + 231*a - 1155. What is w(5)?
0
Let h(c) = -c**2 - 28*c + 4. Give h(-13).
199
Let i(t) = 375*t + 25773. Calculate i(-69).
-102
Let y(s) = -s**2 + 3*s + 2. Calculate y(-2).
-8
Let q(y) = y**2 - 19*y - 111. What is q(23)?
-19
Let s(c) = c**3 - 37*c**2 - 308*c + 58. Determine s(44).
58
Let w(c) = -5*c**2 - 48*c - 22. Give w(-11).
-99
Let t(h) = -485*h - 632. Calculate t(-2).
338
Let t(k) = -3*k**3 - 30*k**2 - 2*k + 24. What is t(-10)?
44
Let w(b) = -817*b + 8947. Calculate w(11).
-40
Let q(s) = 798*s + 13552. Give q(-17).
-14
Let v(j) = -124*j + 763. What is v(7)?
-105
Let j(r) = -47*r - 1036. Calculate j(-23).
45
Let o(p) = 2*p**3 + 8*p**2 - 36*p - 85. Give o(-6).
-13
Let i(r) = 134*r + 387. Give i(-3).
-15
Let t(d) = -64*d**3 + 16*d**2 - 20*d + 4. What is t(1)?
-64
Let j(b) = -b**3 + 48*b**2 + 323*b + 55. What is j(54)?
1
Let g(m) = -2*m**3 + 10*m**2 + 4*m - 22. Determine g(7).
-190
Let c(v) = v**3 + 109*v**2 + 994*v + 33. Determine c(-10).
-7
Let p(v) = -3*v + 51. Give p(-20).
111
Let z(r) = -7*r + 62. What is z(-10)?
132
Let w(b) = -2*b**2 + 111*b + 1091. Calculate w(-8).
75
Let i(v) = v**3 + 38*v**2 - 75*v + 73. What is i(-40